{"id":9181,"date":"2020-08-18T16:49:50","date_gmt":"2020-08-18T19:49:50","guid":{"rendered":"http:\/\/atlasparasitologia.sites.uff.br\/?page_id=9181"},"modified":"2020-09-25T01:35:59","modified_gmt":"2020-09-25T04:35:59","slug":"phthirus-pubis","status":"publish","type":"page","link":"http:\/\/atlasparasitologia.sites.uff.br\/?page_id=9181","title":{"rendered":"Phthirus pubis"},"content":{"rendered":"\n<p><strong>Diagn\u00f3stico:<\/strong> Ftir\u00edase ou pediculose genital<br><\/p>\n\n\n\n<p><strong>Agente Etiol\u00f3gico:<\/strong> <em>Phthirus pubis<\/em><\/p>\n\n\n\n<p> <strong>Origem do material:<\/strong> Adultos coletados em inspe\u00e7\u00e3o <br> <\/p>\n\n\n\n<p>Adulto pequeno com 1 a 1,5 mm. Corpo achatado dorso-ventralmente. Apresenta t\u00f3rax e abdome fundidos em uma s\u00f3 pe\u00e7a, sendo mais larga no t\u00f3rax. N\u00e3o h\u00e1 independ\u00eancia dos segmentos abdominais. Encontrado preferencialmente em p\u00ealos pubianos e perineais. Patas com ganchos.<br> <\/p>\n\n\n<p><a href=\"http:\/\/atlasparasitologia.sites.uff.br\/?attachment_id=9402\" rel=\"attachment wp-att-9402\"><img loading=\"lazy\" decoding=\"async\" class=\"alignnone size-medium wp-image-9402\" src=\"http:\/\/atlasparasitologia.sites.uff.br\/wp-content\/uploads\/sites\/41\/2020\/09\/pp1-300x300.png\" alt=\"\" width=\"300\" height=\"300\" srcset=\"http:\/\/atlasparasitologia.sites.uff.br\/wp-content\/uploads\/sites\/41\/2020\/09\/pp1-300x300.png 300w, http:\/\/atlasparasitologia.sites.uff.br\/wp-content\/uploads\/sites\/41\/2020\/09\/pp1-150x150.png 150w, http:\/\/atlasparasitologia.sites.uff.br\/wp-content\/uploads\/sites\/41\/2020\/09\/pp1.png 400w\" sizes=\"auto, (max-width: 300px) 100vw, 300px\" \/><\/a><a href=\"http:\/\/atlasparasitologia.sites.uff.br\/?attachment_id=9403\" rel=\"attachment wp-att-9403\"><img loading=\"lazy\" decoding=\"async\" class=\"alignnone size-medium wp-image-9403\" src=\"http:\/\/atlasparasitologia.sites.uff.br\/wp-content\/uploads\/sites\/41\/2020\/09\/pp2-1-300x300.png\" alt=\"\" width=\"300\" height=\"300\" srcset=\"http:\/\/atlasparasitologia.sites.uff.br\/wp-content\/uploads\/sites\/41\/2020\/09\/pp2-1-300x300.png 300w, http:\/\/atlasparasitologia.sites.uff.br\/wp-content\/uploads\/sites\/41\/2020\/09\/pp2-1-150x150.png 150w, http:\/\/atlasparasitologia.sites.uff.br\/wp-content\/uploads\/sites\/41\/2020\/09\/pp2-1.png 400w\" sizes=\"auto, (max-width: 300px) 100vw, 300px\" \/><\/a> <a href=\"http:\/\/atlasparasitologia.sites.uff.br\/?attachment_id=9404\" rel=\"attachment wp-att-9404\"><img loading=\"lazy\" decoding=\"async\" class=\"alignnone size-medium wp-image-9404\" src=\"http:\/\/atlasparasitologia.sites.uff.br\/wp-content\/uploads\/sites\/41\/2020\/09\/pp3-300x300.png\" alt=\"\" width=\"300\" height=\"300\" srcset=\"http:\/\/atlasparasitologia.sites.uff.br\/wp-content\/uploads\/sites\/41\/2020\/09\/pp3-300x300.png 300w, http:\/\/atlasparasitologia.sites.uff.br\/wp-content\/uploads\/sites\/41\/2020\/09\/pp3-150x150.png 150w, http:\/\/atlasparasitologia.sites.uff.br\/wp-content\/uploads\/sites\/41\/2020\/09\/pp3.png 400w\" sizes=\"auto, (max-width: 300px) 100vw, 300px\" \/><\/a><\/p>\n<p><a href=\"http:\/\/atlasparasitologia.sites.uff.br\/?attachment_id=9362\" rel=\"attachment wp-att-9362\"><img loading=\"lazy\" decoding=\"async\" class=\"alignnone size-medium wp-image-9362\" src=\"http:\/\/atlasparasitologia.sites.uff.br\/wp-content\/uploads\/sites\/41\/2020\/09\/Pp-300x300.png\" alt=\"\" width=\"300\" height=\"300\" srcset=\"http:\/\/atlasparasitologia.sites.uff.br\/wp-content\/uploads\/sites\/41\/2020\/09\/Pp-300x300.png 300w, http:\/\/atlasparasitologia.sites.uff.br\/wp-content\/uploads\/sites\/41\/2020\/09\/Pp-150x150.png 150w, http:\/\/atlasparasitologia.sites.uff.br\/wp-content\/uploads\/sites\/41\/2020\/09\/Pp.png 400w\" sizes=\"auto, (max-width: 300px) 100vw, 300px\" \/><\/a><a href=\"http:\/\/atlasparasitologia.sites.uff.br\/?attachment_id=9363\" rel=\"attachment wp-att-9363\"><img loading=\"lazy\" decoding=\"async\" class=\"alignnone size-medium wp-image-9363\" src=\"http:\/\/atlasparasitologia.sites.uff.br\/wp-content\/uploads\/sites\/41\/2020\/09\/Pp2-300x300.png\" alt=\"\" width=\"300\" height=\"300\" srcset=\"http:\/\/atlasparasitologia.sites.uff.br\/wp-content\/uploads\/sites\/41\/2020\/09\/Pp2-300x300.png 300w, http:\/\/atlasparasitologia.sites.uff.br\/wp-content\/uploads\/sites\/41\/2020\/09\/Pp2-150x150.png 150w, http:\/\/atlasparasitologia.sites.uff.br\/wp-content\/uploads\/sites\/41\/2020\/09\/Pp2.png 400w\" sizes=\"auto, (max-width: 300px) 100vw, 300px\" \/><\/a><\/p>","protected":false},"excerpt":{"rendered":"<p>Diagn\u00f3stico: Ftir\u00edase ou pediculose genital Agente Etiol\u00f3gico: Phthirus pubis Origem do material: Adultos coletados em inspe\u00e7\u00e3o Adulto pequeno com 1 a 1,5 mm. Corpo achatado dorso-ventralmente. Apresenta t\u00f3rax e abdome fundidos em uma s\u00f3 pe\u00e7a, sendo mais larga no t\u00f3rax. N\u00e3o h\u00e1 independ\u00eancia dos segmentos abdominais. Encontrado preferencialmente em p\u00ealos pubianos e perineais. Patas com [&hellip;]<\/p>\n","protected":false},"author":37,"featured_media":0,"parent":0,"menu_order":0,"comment_status":"closed","ping_status":"closed","template":"","meta":{"_exactmetrics_skip_tracking":false,"_exactmetrics_sitenote_active":false,"_exactmetrics_sitenote_note":"","_exactmetrics_sitenote_category":0,"footnotes":""},"categories":[174],"tags":[],"class_list":["post-9181","page","type-page","status-publish","hentry","category-pithirius-pubis"],"_links":{"self":[{"href":"http:\/\/atlasparasitologia.sites.uff.br\/index.php?rest_route=\/wp\/v2\/pages\/9181","targetHints":{"allow":["GET"]}}],"collection":[{"href":"http:\/\/atlasparasitologia.sites.uff.br\/index.php?rest_route=\/wp\/v2\/pages"}],"about":[{"href":"http:\/\/atlasparasitologia.sites.uff.br\/index.php?rest_route=\/wp\/v2\/types\/page"}],"author":[{"embeddable":true,"href":"http:\/\/atlasparasitologia.sites.uff.br\/index.php?rest_route=\/wp\/v2\/users\/37"}],"replies":[{"embeddable":true,"href":"http:\/\/atlasparasitologia.sites.uff.br\/index.php?rest_route=%2Fwp%2Fv2%2Fcomments&post=9181"}],"version-history":[{"count":9,"href":"http:\/\/atlasparasitologia.sites.uff.br\/index.php?rest_route=\/wp\/v2\/pages\/9181\/revisions"}],"predecessor-version":[{"id":9406,"href":"http:\/\/atlasparasitologia.sites.uff.br\/index.php?rest_route=\/wp\/v2\/pages\/9181\/revisions\/9406"}],"wp:attachment":[{"href":"http:\/\/atlasparasitologia.sites.uff.br\/index.php?rest_route=%2Fwp%2Fv2%2Fmedia&parent=9181"}],"wp:term":[{"taxonomy":"category","embeddable":true,"href":"http:\/\/atlasparasitologia.sites.uff.br\/index.php?rest_route=%2Fwp%2Fv2%2Fcategories&post=9181"},{"taxonomy":"post_tag","embeddable":true,"href":"http:\/\/atlasparasitologia.sites.uff.br\/index.php?rest_route=%2Fwp%2Fv2%2Ftags&post=9181"}],"curies":[{"name":"wp","href":"https:\/\/api.w.org\/{rel}","templated":true}]}}