{"id":9173,"date":"2020-08-18T16:48:14","date_gmt":"2020-08-18T19:48:14","guid":{"rendered":"http:\/\/atlasparasitologia.sites.uff.br\/?page_id=9173"},"modified":"2021-10-19T22:16:43","modified_gmt":"2021-10-20T01:16:43","slug":"sarcoptes-scabiei","status":"publish","type":"page","link":"http:\/\/atlasparasitologia.sites.uff.br\/?page_id=9173","title":{"rendered":"\ud835\ude17\ud835\ude26\ud835\ude25\ud835\ude2a\ud835\ude24\ud835\ude36\ud835\ude2d\ud835\ude36\ud835\ude34 \ud835\ude24\ud835\ude22\ud835\ude31\ud835\ude2a\ud835\ude35\ud835\ude2a\ud835\ude34"},"content":{"rendered":"\n<p><strong>Diagn\u00f3stico: <\/strong>Pediculose do couro cabeludo<\/p>\n\n\n\n<p><strong>Agente etiol\u00f3gico:<\/strong> <em><strong>Pediculus capitis<\/strong><\/em><\/p>\n\n\n\n<p> <strong>Origem do material:<\/strong> Adulto coletado em inspe\u00e7\u00e3o do couro cabeludo<\/p>\n\n\n\n<p>Adulto com 2 a 3,5 mil\u00edmetros, cabe\u00e7a ov\u00f3ide, bem destacada do corpo com 1 par de antenas, aparato bucal picador\u2013sugador retr\u00e1til. Corpo achatado dorso-ventralmente. T\u00f3rax com implanta\u00e7\u00e3o de 6 pernas e abertura de um par de espir\u00e1culos respirat\u00f3rios. Abdome formado por nove segmentos, com placas espiraculares de cada lado. \u00d9ltimo segmento nas f\u00eameas apresenta-se bilobado, onde situa-se a vulva ventralmente. <\/p>\n\n\n<p><div id=\"attachment_9352\" style=\"width: 310px\" class=\"wp-caption alignnone\"><a href=\"http:\/\/atlasparasitologia.sites.uff.br\/?attachment_id=9352\" rel=\"attachment wp-att-9352\"><img loading=\"lazy\" decoding=\"async\" aria-describedby=\"caption-attachment-9352\" class=\"wp-image-9352 size-medium\" src=\"http:\/\/atlasparasitologia.sites.uff.br\/wp-content\/uploads\/sites\/41\/2020\/09\/PC1-300x300.png\" alt=\"\" width=\"300\" height=\"300\" srcset=\"http:\/\/atlasparasitologia.sites.uff.br\/wp-content\/uploads\/sites\/41\/2020\/09\/PC1-300x300.png 300w, http:\/\/atlasparasitologia.sites.uff.br\/wp-content\/uploads\/sites\/41\/2020\/09\/PC1-150x150.png 150w, http:\/\/atlasparasitologia.sites.uff.br\/wp-content\/uploads\/sites\/41\/2020\/09\/PC1.png 400w\" sizes=\"auto, (max-width: 300px) 100vw, 300px\" \/><\/a><p id=\"caption-attachment-9352\" class=\"wp-caption-text\">Macho<\/p><\/div><br>\n<div id=\"attachment_9355\" style=\"width: 310px\" class=\"wp-caption aligncenter\"><a href=\"http:\/\/atlasparasitologia.sites.uff.br\/?attachment_id=9355\" rel=\"attachment wp-att-9355\"><img loading=\"lazy\" decoding=\"async\" aria-describedby=\"caption-attachment-9355\" class=\"wp-image-9355 size-medium\" src=\"http:\/\/atlasparasitologia.sites.uff.br\/wp-content\/uploads\/sites\/41\/2020\/09\/PC3-300x300.png\" alt=\"\" width=\"300\" height=\"300\" srcset=\"http:\/\/atlasparasitologia.sites.uff.br\/wp-content\/uploads\/sites\/41\/2020\/09\/PC3-300x300.png 300w, http:\/\/atlasparasitologia.sites.uff.br\/wp-content\/uploads\/sites\/41\/2020\/09\/PC3-150x150.png 150w, http:\/\/atlasparasitologia.sites.uff.br\/wp-content\/uploads\/sites\/41\/2020\/09\/PC3.png 400w\" sizes=\"auto, (max-width: 300px) 100vw, 300px\" \/><\/a><p id=\"caption-attachment-9355\" class=\"wp-caption-text\">F\u00eamea<\/p><\/div><\/p>\n<p><a href=\"http:\/\/atlasparasitologia.sites.uff.br\/?attachment_id=9373\" rel=\"attachment wp-att-9373\"><img loading=\"lazy\" decoding=\"async\" class=\"alignnone size-medium wp-image-9373\" src=\"http:\/\/atlasparasitologia.sites.uff.br\/wp-content\/uploads\/sites\/41\/2020\/09\/PC2-1-300x300.png\" alt=\"\" width=\"300\" height=\"300\" srcset=\"http:\/\/atlasparasitologia.sites.uff.br\/wp-content\/uploads\/sites\/41\/2020\/09\/PC2-1-300x300.png 300w, http:\/\/atlasparasitologia.sites.uff.br\/wp-content\/uploads\/sites\/41\/2020\/09\/PC2-1-150x150.png 150w, http:\/\/atlasparasitologia.sites.uff.br\/wp-content\/uploads\/sites\/41\/2020\/09\/PC2-1.png 400w\" sizes=\"auto, (max-width: 300px) 100vw, 300px\" \/><\/a><\/p>\n<p>F\u00eamea<\/p>","protected":false},"excerpt":{"rendered":"<p>Diagn\u00f3stico: Pediculose do couro cabeludo Agente etiol\u00f3gico: Pediculus capitis Origem do material: Adulto coletado em inspe\u00e7\u00e3o do couro cabeludo Adulto com 2 a 3,5 mil\u00edmetros, cabe\u00e7a ov\u00f3ide, bem destacada do corpo com 1 par de antenas, aparato bucal picador\u2013sugador retr\u00e1til. Corpo achatado dorso-ventralmente. T\u00f3rax com implanta\u00e7\u00e3o de 6 pernas e abertura de um par de [&hellip;]<\/p>\n","protected":false},"author":37,"featured_media":0,"parent":0,"menu_order":0,"comment_status":"closed","ping_status":"closed","template":"","meta":{"_exactmetrics_skip_tracking":false,"_exactmetrics_sitenote_active":false,"_exactmetrics_sitenote_note":"","_exactmetrics_sitenote_category":0,"footnotes":""},"categories":[175],"tags":[],"class_list":["post-9173","page","type-page","status-publish","hentry","category-pediculos-capitis"],"_links":{"self":[{"href":"http:\/\/atlasparasitologia.sites.uff.br\/index.php?rest_route=\/wp\/v2\/pages\/9173","targetHints":{"allow":["GET"]}}],"collection":[{"href":"http:\/\/atlasparasitologia.sites.uff.br\/index.php?rest_route=\/wp\/v2\/pages"}],"about":[{"href":"http:\/\/atlasparasitologia.sites.uff.br\/index.php?rest_route=\/wp\/v2\/types\/page"}],"author":[{"embeddable":true,"href":"http:\/\/atlasparasitologia.sites.uff.br\/index.php?rest_route=\/wp\/v2\/users\/37"}],"replies":[{"embeddable":true,"href":"http:\/\/atlasparasitologia.sites.uff.br\/index.php?rest_route=%2Fwp%2Fv2%2Fcomments&post=9173"}],"version-history":[{"count":18,"href":"http:\/\/atlasparasitologia.sites.uff.br\/index.php?rest_route=\/wp\/v2\/pages\/9173\/revisions"}],"predecessor-version":[{"id":10011,"href":"http:\/\/atlasparasitologia.sites.uff.br\/index.php?rest_route=\/wp\/v2\/pages\/9173\/revisions\/10011"}],"wp:attachment":[{"href":"http:\/\/atlasparasitologia.sites.uff.br\/index.php?rest_route=%2Fwp%2Fv2%2Fmedia&parent=9173"}],"wp:term":[{"taxonomy":"category","embeddable":true,"href":"http:\/\/atlasparasitologia.sites.uff.br\/index.php?rest_route=%2Fwp%2Fv2%2Fcategories&post=9173"},{"taxonomy":"post_tag","embeddable":true,"href":"http:\/\/atlasparasitologia.sites.uff.br\/index.php?rest_route=%2Fwp%2Fv2%2Ftags&post=9173"}],"curies":[{"name":"wp","href":"https:\/\/api.w.org\/{rel}","templated":true}]}}

𝘗𝘦𝘥𝘪𝘤𝘶𝘭𝘶𝘴 𝘤𝘢𝘱𝘪𝘵𝘪𝘴

<p><strong>Diagnóstico: </strong>Pediculose do couro cabeludo</p>



<p><strong>Agente etiológico:</strong> <em><strong>Pediculus capitis</strong></em></p>



<p> <strong>Origem do material:</strong> Adulto coletado em inspeção do couro cabeludo</p>



<p>Adulto com 2 a 3,5 milímetros, cabeça ovóide, bem destacada do corpo com 1 par de antenas, aparato bucal picador–sugador retrátil. Corpo achatado dorso-ventralmente. Tórax com implantação de 6 pernas e abertura de um par de espiráculos respiratórios. Abdome formado por nove segmentos, com placas espiraculares de cada lado. Ùltimo segmento nas fêmeas apresenta-se bilobado, onde situa-se a vulva ventralmente. </p>


<p><div id="attachment_9352" style="width: 310px" class="wp-caption alignnone"><a href="http://atlasparasitologia.sites.uff.br/?attachment_id=9352" rel="attachment wp-att-9352"><img loading="lazy" decoding="async" aria-describedby="caption-attachment-9352" class="wp-image-9352 size-medium" src="http://atlasparasitologia.sites.uff.br/wp-content/uploads/sites/41/2020/09/PC1-300x300.png" alt="" width="300" height="300" srcset="http://atlasparasitologia.sites.uff.br/wp-content/uploads/sites/41/2020/09/PC1-300x300.png 300w, http://atlasparasitologia.sites.uff.br/wp-content/uploads/sites/41/2020/09/PC1-150x150.png 150w, http://atlasparasitologia.sites.uff.br/wp-content/uploads/sites/41/2020/09/PC1.png 400w" sizes="auto, (max-width: 300px) 100vw, 300px" /></a><p id="caption-attachment-9352" class="wp-caption-text">Macho</p></div><br>
<div id="attachment_9355" style="width: 310px" class="wp-caption aligncenter"><a href="http://atlasparasitologia.sites.uff.br/?attachment_id=9355" rel="attachment wp-att-9355"><img loading="lazy" decoding="async" aria-describedby="caption-attachment-9355" class="wp-image-9355 size-medium" src="http://atlasparasitologia.sites.uff.br/wp-content/uploads/sites/41/2020/09/PC3-300x300.png" alt="" width="300" height="300" srcset="http://atlasparasitologia.sites.uff.br/wp-content/uploads/sites/41/2020/09/PC3-300x300.png 300w, http://atlasparasitologia.sites.uff.br/wp-content/uploads/sites/41/2020/09/PC3-150x150.png 150w, http://atlasparasitologia.sites.uff.br/wp-content/uploads/sites/41/2020/09/PC3.png 400w" sizes="auto, (max-width: 300px) 100vw, 300px" /></a><p id="caption-attachment-9355" class="wp-caption-text">Fêmea</p></div></p>
<p><a href="http://atlasparasitologia.sites.uff.br/?attachment_id=9373" rel="attachment wp-att-9373"><img loading="lazy" decoding="async" class="alignnone size-medium wp-image-9373" src="http://atlasparasitologia.sites.uff.br/wp-content/uploads/sites/41/2020/09/PC2-1-300x300.png" alt="" width="300" height="300" srcset="http://atlasparasitologia.sites.uff.br/wp-content/uploads/sites/41/2020/09/PC2-1-300x300.png 300w, http://atlasparasitologia.sites.uff.br/wp-content/uploads/sites/41/2020/09/PC2-1-150x150.png 150w, http://atlasparasitologia.sites.uff.br/wp-content/uploads/sites/41/2020/09/PC2-1.png 400w" sizes="auto, (max-width: 300px) 100vw, 300px" /></a></p>
<p>Fêmea</p>

<p>Diagnóstico: Pediculose do couro cabeludo Agente etiológico: Pediculus capitis Origem do material: Adulto coletado em inspeção do couro cabeludo Adulto com 2 a 3,5 milímetros, cabeça ovóide, bem destacada do corpo com 1 par de antenas, aparato bucal picador–sugador retrátil. Corpo achatado dorso-ventralmente. Tórax com implantação de 6 pernas e abertura de um par de [&hellip;]</p>
